05 = -3*g. Let t = 545 - g. Let w(b) = b**2 + b + 4. Let o be w(4). What is the greatest common divisor of o and t?
8
Let w(o) = -1259*o - 2228. Let q be w(-17). Calculate the highest common divisor of 59 and q.
59
Let b = 408 + -232. Let j(k) = -k**3 - 11*k**2 - 15*k - 34. Let d be j(-10). Calculate the greatest common divisor of b and d.
16
Let b be 2756/(-848) + 566369/36 - 6/27. Calculate the greatest common factor of 98 and b.
49
Suppose 27*o - 60 = 22*o. Suppose -o*c = -15*c - 27. Let q be ((-6)/(-8))/(c/(-216)). Calculate the highest common factor of 126 and q.
18
Let b be (4 - 4) + (-48)/4 + 649. Calculate the greatest common divisor of b and 39.
13
Suppose 0 = -143*y - 40*y + 48658 - 8947. What is the greatest common factor of 25172 and y?
217
Let l = 1198 - 1053. What is the greatest common divisor of l and 35?
5
Suppose 4*q = 3*w - 0*w - 150, 123 = 3*w + 5*q. Suppose -20 = 3*k - 143. Suppose 300 = -k*h + w*h. What is the highest common divisor of 10 and h?
10
Let t be 1/(-3) - 5/(-3)*-37. Suppose -4*m = 4*j - 308, 0*j = 2*j + 6. Let z = m + t. Calculate the greatest common factor of z and 198.
18
Suppose 3*w - 886 + 4106 = 2*r, 0 = 2*r + 5*w - 3188. Calculate the highest common divisor of 4 and r.
4
Let u = 4855 - -2075. Calculate the greatest common factor of 154 and u.
154
Suppose -528 = -4*m - 5*a, 46*m + 4*a = 49*m - 396. What is the highest common divisor of m and 2684?
44
Suppose 0*r + r + 3*s - 42 = 0, -5*s + 34 = r. Suppose 7*z = 17*z. Suppose -w - 6*w + 42 = z. What is the highest common factor of w and r?
6
Let a = 5 - -64. Let y be (-650)/(-4) + (42/(-4))/7. What is the highest common divisor of y and a?
23
Let s be 29 + -3 - (-4 + 1). Calculate the highest common divisor of s and 9019.
29
Suppose -56*c + 1128 = -9*c. Let f(i) = i**2 - 13*i - 162. Let o be f(c). What is the highest common divisor of o and 51?
51
Suppose 7*y - 3*y - 1380 = 0. Suppose -3*c - 333 = 2*h - 3*h, 0 = h + c - y. Calculate the greatest common divisor of 18 and h.
18
Suppose -905 = -5*f + 5*l, 0*f + 5*l - 355 = -2*f. Let g be (-195)/(-5) - (27/(-3))/(-3). Calculate the greatest common factor of g and f.
36
Let g be (39/12)/13 + (-333)/(-12). Let x be (-32)/(-28) + 2516/g. Let z = -29 - -68. What is the highest common divisor of z and x?
13
Suppose 0 = 16*x - 3*x - 390. Suppose o - 5*d = -0*d - 5, 10 = -2*o - 3*d. Let y = o + 20. What is the greatest common divisor of x and y?
15
Suppose 13*l = 10*l. Suppose j - 5*j + 32 = l. Suppose n - 8 = 3*y, -n + y = -4*y - j. Calculate the greatest common factor of 8 and n.
8
Let o(c) = -c**2 - 31*c + 797. Let t be o(16). What is the highest common divisor of t and 423?
9
Suppose -212 = -4*z + 2*u - 214, -3*z + 12 = 3*u. What is the highest common factor of 1717 and z?
1
Let n = 9306 - -7970. Calculate the greatest common factor of n and 112.
28
Let m(t) be the first derivative of -t**3/3 - 15*t**2/2 - 23*t - 47. Let h be m(-7). Let j = -45 + 67. Calculate the highest common divisor of j and h.
11
Let x = -45 + 52. Let z(a) = -a**2 + 8*a - 4. Let t be z(x). Suppose -28 = -2*k + 2*u, t*k - u - 25 = 7. What is the greatest common divisor of k and 18?
9
Let b = -5264 + 5431. What is the greatest common factor of b and 13193?
167
Suppose 141 = 12*m + 81. Let w be (-1 - (-1)/m)/(3/(-45)). What is the greatest common factor of w and 48?
12
Let y = 3 + -1. Suppose 5*p = y*p + 84. Suppose -5*f - k - 56 = -6*f, 0 = -f - 4*k + 56. Calculate the greatest common divisor of p and f.
28
Suppose -60*y = -39189 - 73222 - 54869. Calculate the greatest common divisor of y and 68.
68
Let c = 743 - 913. Let v = c + 436. What is the greatest common divisor of 14 and v?
14
Let b be 6254/4 - (-4)/16*(-1 + 3). Calculate the highest common factor of b and 204.
68
Suppose -8*w = -4*w - 84. Suppose 0 = 12*r - w*r + 1386. Suppose 4*b + 5*p - 76 = 0, 2*b = -0*p + 2*p + 20. What is the greatest common factor of r and b?
14
Suppose i = -3*n + 275 + 287, -n - 4*i + 169 = 0. What is the greatest common factor of n and 315?
63
Let o = 41 - 38. Let l be 0/2 + 21/o. Suppose -5*b = -l*b + 100. Calculate the highest common divisor of b and 20.
10
Let r = 2678 - 2436. Calculate the highest common divisor of r and 66.
22
Suppose -31*t - 26*t + 544 = -23*t. Let c(l) = 13*l**2 + 3*l - 1. Let o be c(-3). Suppose 3*v + 11 - o = 0. What is the highest common factor of v and t?
16
Let m be 1900 + (-42)/(-3) + -6. Calculate the highest common divisor of m and 324.
36
Suppose -1 = -4*r + 15. Let g be (-8)/2*13/((-26)/r). What is the greatest common divisor of 3 and g?
1
Let r be -5 + (583 - (5 - 3)). Let b = 25 + 11. What is the greatest common factor of r and b?
36
Suppose 0 = 2*c - 2*l - 196, 3*c - 61*l + 56*l - 294 = 0. Calculate the greatest common factor of c and 1225.
49
Let y be (15 - -1)*632/79. What is the highest common factor of y and 88?
8
Suppose 9 = -53*g + 56*g, -g - 12 = -5*u. Let s = -6 - -9. What is the highest common factor of u and s?
3
Let s = -13 + -24. Suppose 3*h = 5*n + 90, -98 = -4*h + 23*n - 20*n. Let g = h - s. Calculate the highest common divisor of 38 and g.
19
Suppose 0 = 53*z - 57*z + 20. Suppose 4*o - z*q = 145, 2*o - 2*q + 6*q - 66 = 0. Calculate the highest common factor of 63 and o.
7
Let j = -37099 - -37137. What is the greatest common divisor of 2109 and j?
19
Let z = 39 + -209. Let d = -116 - z. Let q be 2187/36*(-37 - -36)/(-3 + (-9)/(-4)). Calculate the highest common factor of q and d.
27
Suppose 104*s = 107*s + 3*i - 702, -4*s + 906 = -i. Let x be (2 - 5)*(-19)/3. What is the highest common divisor of s and x?
19
Suppose 5*d - 4*j = 214 + 1365, -3*j = 3. Calculate the greatest common factor of 280 and d.
35
Suppose 0 = -49*m - 31816 + 33384. Suppose -3*n + 1046 = 2*x, -4*n + 1303 = 4*x - 85. What is the greatest common factor of m and n?
32
Let i = 29 + -21. Let y(v) = -v**3 - 20*v**2 - 6*v - 64. Let g be y(-20). Calculate the greatest common factor of i and g.
8
Let w(h) = -28*h - 17. Let i be w(-1). What is the highest common divisor of i and 3080?
11
Let v(d) = -d**3 - d**2 + 6*d + 11. Let n be v(-2). Let t be 1*-68*(1 - (-15)/(-12)). What is the highest common divisor of n and t?
1
Let v = -79 + 205. Let m be (-448)/(-5) - (-15 + (-73)/(-5)). Calculate the highest common divisor of m and v.
18
Let k(f) = -f**3 + 13*f**2 + 13*f + 19. Let t be k(9). Suppose 2*p + u - 184 = 0, 17*u = 5*p + 19*u - t. Calculate the greatest common factor of p and 230.
46
Let i be 1/((4615/273 + -17)*7/(-1752)). What is the highest common divisor of i and 108?
36
Let g(d) = 2*d**2 - 1. Let l(s) = 2*s**3 - 4*s**2 - 7*s + 10. Let o be l(4). Let m = o + -44. Let x be g(m). Calculate the greatest common divisor of x and 35.
7
Suppose 29*l + 3*d = 24*l + 1119, -l + 3*d + 231 = 0. Calculate the highest common divisor of 60 and l.
15
Suppose -5*k - 5*r - 41 = -6*k, -5*r = 30. What is the highest common factor of 44 and k?
11
Suppose -167*s = -99*s - 81*s + 26. What is the highest common factor of s and 4?
2
Let l = -4 + 1. Let m(a) = a**3 + 4*a**2 + 2*a + 2. Let o be m(l). Let j = -143373 + 143375. What is the highest common divisor of o and j?
1
Suppose 4*s - 75425 + 17747 = -2*c, -5*c - 3*s = -144216. What is the greatest common factor of 45 and c?
45
Suppose 5*s + 5*l = 310, -l - 298 = 3*s - 8*s. Suppose -6054*c = -5962*c - 27600. Calculate the greatest common divisor of c and s.
60
Suppose 41*w - 144 = 37*w. Suppose 207*m = 203*m + w. Suppose -3 - 48 = -3*k + 3*h, -3*k + 21 = 3*h. What is the highest common divisor of k and m?
3
Suppose 406*t - 529794 - 519310 = 0. Calculate the greatest common factor of t and 680.
136
Let p(a) = a**3 + 29*a**2 + 75*a - 59. Let j be p(-26). What is the highest common divisor of 127 and j?
1
Suppose -2*y - 3*k - 23 = 0, -2*y = -2*k - 2*k - 12. Let l(f) = 6*f**2 + 11*f + 26. Let q be l(y). What is the greatest common divisor of 104 and q?
26
Let d be (-6 - -5)/((-2)/(-44)). Let p be (-6)/(-4) + (-4279)/d. Let u(w) = w**2 - w + 28. Let i be u(0). Calculate the greatest common factor of i and p.
28
Let h(n) = 2*n**2 - 7*n + 5. Let u be h(6). Let l = -29031 - -29129. Calculate the highest common factor of l and u.
7
Let r(d) = 2*d**3 + 22*d**2 + 4*d + 9. Let b be r(-11). Let i = b + 47. What is the grea